ivided by v(6)?
2
Suppose 7*i - 2*i = w - 16, -2*w = 5*i + 13. What is the remainder when 1/(i/6)*-16 is divided by 17?
15
Suppose -180 = -2*l + 354. What is the remainder when l is divided by 15?
12
Suppose b - 48 = -2*b. Suppose b = z - 25. What is the remainder when z is divided by 22?
19
Suppose -8*r = -162 - 126. Calculate the remainder when r is divided by 8.
4
Let p = -18 - -30. Calculate the remainder when 34 is divided by p.
10
Suppose -5*q + 26 = 1. What is the remainder when q is divided by 1?
0
Let s = -72 - -82. Calculate the remainder when 24 is divided by s.
4
Suppose -y + 3*y - 4 = 0. Let f = 1 + 1. Suppose 3*q + q - f*h = -2, -11 = -5*q - 2*h. What is the remainder when y is divided by q?
0
Let m = 33 - -108. What is the remainder when m is divided by 36?
33
Let v(c) = c**2 + 5*c - 10. What is the remainder when 53 is divided by v(-8)?
11
Suppose 286 - 62 = 4*x - 4*p, -77 = -2*x - 5*p. What is the remainder when x is divided by 18?
15
Suppose 0 = -5*z - 2*w - w - 4, 2*z - 4*w = 14. Suppose 2*k - z = k. What is the remainder when 2 is divided by k?
0
Let j(q) = 11*q + 21. Calculate the remainder when 160 is divided by j(3).
52
Suppose 0 = -2*k + x + 24, -2*k - 4*x - 41 = -5*k. Suppose 0 = g - 0*g - k. Let j(m) = 2*m + 2. Calculate the remainder when g is divided by j(2).
5
Let f(s) = -4*s**3 - 7*s**2 + 3*s + 7. What is the remainder when 82 is divided by f(-3)?
39
Suppose 0 = 4*y - 8*y. Suppose y = 8*b - 3*b - 575. Suppose w = u + 35, -3*w + 0*u + b = -u. Calculate the remainder when w is divided by 14.
12
What is the remainder when 15 is divided by 3/(-2)*(-42)/9?
1
Let b(a) = -31*a - 10. Suppose 5*d + 4 = 4*d. What is the remainder when b(d) is divided by 29?
27
Suppose 3*k = 3*t + 36, -4*t + 0*t = k + 3. Suppose -4*n = -k*n + 175. What is the remainder when n is divided by ((-144)/(-21))/4*7?
11
Suppose 4*p = -p - 35. Let a = 4 + p. Calculate the remainder when a/3 - -1 - -2 is divided by 2.
0
Suppose -2*a + 4 = -0*a. Suppose 4 = -2*s - a*s. What is the remainder when 46*s/(-6)*3 is divided by 8?
7
Let f be 4/((-8)/4 + 4). Suppose -8*b - 5*g + 25 = -3*b, 2*b - g - 4 = 0. Suppose -f*s + 4*r = s - 2, 3 = b*r. What is the remainder when s is divided by 1?
0
Suppose 0 = 2*q + y + 40 + 25, 140 = -4*q - 4*y. Let p = q - -42. What is the remainder when 22 is divided by p?
10
Calculate the remainder when 44 is divided by (-2)/(-6)*(-5 - (-5 + -36)).
8
Let s = -37 - -44. Calculate the remainder when 36 is divided by s.
1
Suppose s + 1 + 0 = 0. Let k(y) = -2*y**3 + y**2. Let c be k(s). Let t = -1 + c. Calculate the remainder when 5 is divided by t.
1
Suppose p - 99 = -3*j, -3*p + 0*j = 3*j - 279. Let g = -15 - -46. What is the remainder when p is divided by g?
28
Calculate the remainder when 2*(-3 + (-17)/(-2)) is divided by 7.
4
Suppose -40 = -7*c + 3*c. Suppose 2*i = 14 - 4. Suppose i*k - 3*k = -4*v + 80, 5*k + 16 = 2*v. Calculate the remainder when v is divided by c.
8
Suppose z - 52 = 46. Let v = z - 41. Calculate the remainder when v is divided by 15.
12
Suppose 3*q - 5*r + 10 = 0, 0*r + 8 = -4*q + 4*r. Suppose 5*x = -q*k - k + 164, -x + 5*k = -12. Calculate the remainder when x is divided by 12.
8
Suppose 2 = 2*z - 8. Let w(o) = o**3 - 5*o**2 + 7*o. What is the remainder when w(z) is divided by 9?
8
Suppose 0 = -3*t + 8*t - 935. Calculate the remainder when t is divided by 27.
25
Suppose -p = p - 16. Let x = -36 + 65. What is the remainder when x is divided by p?
5
Suppose -3*l + b = -73, -2*l + 3 = 2*b - 59. Let r = 7 + -4. Suppose n - r*n = m - 20, 4 = 2*m. What is the remainder when l is divided by n?
8
Suppose -11*l + 5*l = -138. What is the remainder when 90 is divided by l?
21
Suppose -2*m - 7 = -5*o, -3*m - 3*o + 21 = -0*o. Calculate the remainder when 9 is divided by m.
1
Let j(r) = -r**3 - r**2 + r + 1. Let n be j(-2). Suppose -n*q - 6 = -33. Let u(b) = -b + 6. What is the remainder when q is divided by u(3)?
0
Let s(u) = 8*u + 0*u - 7*u + 4*u + 1. Let x = -6 + 9. Calculate the remainder when 46 is divided by s(x).
14
Let g = 21 + -12. Let u(z) = -z**3 + 10*z**2 - 5*z - 1. Let i(l) = l + 10. What is the remainder when u(g) is divided by i(8)?
17
Suppose -8 = -t - 0. Let z(l) = -4*l + 1. What is the remainder when t is divided by z(-1)?
3
Suppose -4 = -0*c - 4*c. Suppose -2*t + 9 = 3*w + c, -t + 4*w + 26 = 0. Let h(y) = -y + 11. What is the remainder when t is divided by h(5)?
4
Let l = -76 + 128. What is the remainder when l is divided by 28?
24
Calculate the remainder when 3 - ((-1)/2)/(1/24) is divided by 6.
3
Suppose 0 = -n + 3 - 1. Calculate the remainder when 2 is divided by n.
0
Let g = 40 - 27. Suppose 0 = -5*b - 5. Calculate the remainder when 76/(3 + 0 + b) is divided by g.
12
Let i(b) = b + 1. Let r = 4 + -6. Let y(u) = -4*u**3 + 4*u**2 + 3*u. Calculate the remainder when y(r) is divided by i(10).
9
Suppose -5*q = -4*q - 18. Suppose 0 = -4*g - 2*j + 112, q = g + 3*j - 0. What is the remainder when g is divided by 8?
6
Let i = 47 - 30. What is the remainder when i is divided by 9?
8
Let d = 1 - -8. Let s = 8 + -6. Suppose s*h - 29 = 5. What is the remainder when h is divided by d?
8
Let d be -15*(-2)/6*19. Let c = d + -46. Calculate the remainder when c is divided by 17.
15
What is the remainder when (-540)/(-8)*8/5 is divided by 37?
34
Let f = 22 + -18. What is the remainder when 17 is divided by f?
1
Let i(n) = 1 - 3 + 0*n**2 - n**2 - 6*n. Calculate the remainder when 8/9*3*6 is divided by i(-4).
4
Suppose 8*j - 11*j = -12. Suppose 4*h - 94 = -4*s - 26, -2*h + 58 = -j*s. What is the remainder when h is divided by 12?
9
Let n(b) = -b**3 - 7*b**2 - 2*b + 7. What is the remainder when 78 is divided by n(-7)?
15
Suppose 23*x = 22*x + 60. Calculate the remainder when x is divided by 21.
18
Let h be (-4)/(-20) + 18/10. Calculate the remainder when 7 is divided by h - -1 - (-1 - -1).
1
Suppose 4 = 2*v, 3*g - 6*g - 2*v = -46. Let j(d) = -d**3 + 5*d**2 + 3*d - 7. Calculate the remainder when g is divided by j(5).
6
What is the remainder when 8 + (0 + 4)/(-4) is divided by 2?
1
Let s(y) = -y**3 + 2*y**2 - 2*y - 4. What is the remainder when s(-3) is divided by 12?
11
Suppose 15 = 2*d - 21. Suppose -4*m + 3*j = -30 - 13, 2*m - 25 = 5*j. What is the remainder when d is divided by m?
8
Let l = -8 - -27. Suppose 5*t - 21 = l. What is the remainder when t is divided by 3?
2
Suppose 2*s + 5*l = 31 - 2, -2*s + 26 = 4*l. Let y be -3 + 7/(14/4). Let a(u) = -4*u**3 + u**2 + 2*u + 1. Calculate the remainder when s is divided by a(y).
3
Let s = -8 - -15. Suppose 3*r - s - 38 = 0. Calculate the remainder when 28 is divided by r.
13
Let d be (0/(-2))/(14/14). Calculate the remainder when d*(-3)/12 + 12 is divided by 5.
2
Suppose -3*m + 0*m + 24 = -2*w, w + 17 = 2*m. Let o = 13 + 6. What is the remainder when o is divided by m?
9
Suppose j = -a + 6, -2*j + 0*a + 12 = 4*a. Suppose 2*q = -q - 5*b + 45, 0 = -4*b + 12. Calculate the remainder when q is divided by j.
4
Suppose -p - p + 28 = 0. What is the remainder when 97 is divided by p?
13
Suppose j + 11 = 2*j. Calculate the remainder when j is divided by (6/4)/(5/10).
2
Suppose -r = 2*u - 0*r - 16, 2*u - 18 = -2*r. Let j = 26 - 15. What is the remainder when 621/33 - (-2)/j is divided by u?
5
Let s be ((-3)/3)/((-1)/(-7)). Let a = 16 + -14. Calculate the remainder when a is divided by 4/(-6)*(s - -4).
0
Let y be (0 - 18)/((-3)/(-2)). Suppose -3*s + 2*s + 3 = 0. What is the remainder when -2 - (y - (-2 + -1)) is divided by s?
1
Let q = -3 - -6. Suppose -2*i - 10 = 5*o, -i - 5*o = 6 + 9. Suppose 2*s - 13 = -i. What is the remainder when s is divided by q?
1
Let f be (-13)/13 + 2/(-2). Calculate the remainder when 44 is divided by (f/4 - 0)*-32.
12
Suppose -4*o + 3*h - 28 = 0, -7 = 2*o - 4*h + 7. Let i = -4 - o. Let x(t) = 2*t**2 - 29*t - 13. What is the remainder when i is divided by x(15)?
1
Let q(k) = -k**3 + 14*k**2 + 15*k + 7. What is the remainder when 31 is divided by q(15)?
3
Suppose 0 = -3*s - q - 7, -2*q - 2*q = -3*s - 2. Let p = s - -5. Calculate the remainder when 6 is divided by p.
0
Let j(v) = -v**3 - 8*v**2 + 4*v - 6. Let f be j(-9). Let b = -23 + f. Calculate the remainder when 62 is divided by b.
14
Let a(i) = -i - 3. Suppose 0 = 4*t - t + 12. What is the remainder 